
Let v(k) = 16*k - 4. What is the remainder when v(6) is divided by (59 - 17933/395)/(-1 - 7/(-5))?
24
Let c(p) = p**3 - 36*p**2 - 38*p + 43. Calculate the remainder when 220 is divided by c(37).
4
Let w be (3 - 7)*10/(-4). Suppose 0 = -6*l + w*l - 52. What is the remainder when 37 is divided by l?
11
Let i = 127 + -204. Let y = 133 + i. What is the remainder when y is divided by 29?
27
Suppose -13 - 51 = -4*i. Suppose -200 = -b - 139. Calculate the remainder when b is divided by i.
13
Let a(h) = h**3 - h**2 - 82*h + 21. Calculate the remainder when a(11) is divided by 30.
29
Suppose 65 + 95 = 5*a. Suppose -144 - 399 = -53*x + 40. What is the remainder when a is divided by x?
10
Let y = 28 - 16. Calculate the remainder when 21 is divided by (9/6)/(y/64).
5
Calculate the remainder when 74 is divided by (-20)/24 - -6 - 1/6.
4
Let g = 1 - -1. Suppose -4*u - 92 = -4*v, 0 = -2*v + g*u + 3*u + 52. Calculate the remainder when v is divided by 6.
3
Suppose h - 164 = -5*d, 3*h = -3*d + 2*h + 98. Calculate the remainder when d is divided by 4.
1
Suppose -2*g - 26 = -4*g. Suppose 0 = -5*p - 3*b - 108 - 56, -2*p - 72 = -2*b. Let z = 42 + p. What is the remainder when g is divided by z?
5
Suppose 7 - 15 = -2*l. Let q = 50 - l. Calculate the remainder when (2 + q/4)*2 is divided by 14.
13
Suppose 0 = -4*j + 8 + 12. Let m(x) = -6 + 0*x + 2*x - 2*x - j*x. What is the remainder when 54 is divided by m(-4)?
12
Suppose 40 = 2*g - 162. What is the remainder when 386 is divided by g?
83
Suppose 18*l = 2*l + 1520. Suppose y - 3*y + 14 = 0. Calculate the remainder when l is divided by y.
4
Let p = -847 + 882. What is the remainder when 64 is divided by p?
29
Let z = -83 - -89. Calculate the remainder when 28 is divided by (2 - z)*(-50)/20.
8
Let n = -12 - -14. Suppose 0 = d + n - 27. What is the remainder when d is divided by 7?
4
Let r = 20 - 17. Suppose -r*q - 5 = -233. What is the remainder when q is divided by 26?
24
Let y be (-4)/(-12) - (-166)/6. Suppose 0 = 4*o - 68 + y. Calculate the remainder when 38 is divided by o.
8
Let c be ((-2)/4)/(3/(-24)). Suppose -4*t - c = -8*t. Calculate the remainder when 5 is divided by (1/(2/4))/t.
1
Let t(y) = -41*y + 192. Suppose 0 = 2*z + 4*c - 98, 0*z = z + 4*c - 43. What is the remainder when z is divided by t(4)?
27
Suppose 0 = 5*h - 95 - 20. Suppose -r - n + 4*n + 12 = 0, 0 = 2*r + 2*n - 56. Let g = r - 16. What is the remainder when h is divided by g?
7
Let g = 667 - 452. Calculate the remainder when g is divided by 53.
3
Suppose -12*r + 2*w + 60 = -8*r, 4*w = -5*r + 49. What is the remainder when 27 is divided by r?
1
Suppose 11*v = 10*v + 5. Let d(o) = -o**3 + 6*o**2 - 2*o + 7. Calculate the remainder when 109 is divided by d(v).
21
Suppose 2*y - 2*h = 74, -4*h + 99 = 3*y - 5. Let x(j) = j**2 + 2*j + 24. Let g be x(0). Suppose g = 2*q - y. What is the remainder when q is divided by 16?
14
What is the remainder when 60 is divided by (-6)/18*3 + 45?
16
Let m = 261 + -214. Calculate the remainder when 232 is divided by m.
44
Let k = -5 - -4. Let c be (-1 + 146)*3/15. Let h = c + k. Calculate the remainder when 83 is divided by h.
27
Let n(y) = 126*y**2 + y. Let a be n(1). Let p(o) = -16*o + 17. Let x be p(-4). Let v = a - x. What is the remainder when v is divided by 24?
22
Suppose 27*n - 5508 = 34938. Calculate the remainder when n is divided by 79.
76
Let y(f) = -5*f + 29. Calculate the remainder when y(-11) is divided by (-6)/24 - 117/(-4).
26
Let r(u) = u**3 + 4*u**2 - 2. Let d be r(-2). Suppose d*w + 30 = 162. Let x(o) = -o + 2. What is the remainder when w is divided by x(-6)?
6
Let m be ((-126)/(-4))/(-7)*-8. Suppose n + 2*n + 5*d - m = 0, 2*n - d = 24. Calculate the remainder when n is divided by 9.
3
Let z = 20 + -8. Let r = 34 - 11. Calculate the remainder when r is divided by z.
11
Let x(w) = 24*w - 170. Calculate the remainder when 147 is divided by x(8).
15
Calculate the remainder when 10 + (62 - (-6 - -10)) is divided by 18.
14
Let q(r) = 7*r - 18. Let d be q(2). What is the remainder when (-5)/(-20) + (-459)/d is divided by 13?
11
Suppose -3*c - 46 = -2*w, -3*c - 41 - 22 = -3*w. Calculate the remainder when 304 is divided by w.
15
Let y be 18/(3 - 0) + -1. Let w(s) = 22*s. Let j = 51 + -23. What is the remainder when w(y) is divided by j?
26
Let h(i) = -i**3 + 4*i**2 + 5*i - 1. Suppose 9*b - 11*b = -10. Let l be h(b). What is the remainder when 3/(49/(-52) - l) is divided by 14?
10
Let i = -5 + 2. Let d be (-270)/20*2/i. Suppose d*q = 7*q + 2. Calculate the remainder when 2 is divided by q.
0
Suppose 0 = -2*z + 6 + 2. Suppose z*s - 3*s = 30. What is the remainder when s/(-135) + 29/9 is divided by 1?
0
Let w(m) = -m**2 - 6*m + 3. Let r = 7 + -7. Suppose r = 4*t - 7*t + 63. Calculate the remainder when t is divided by w(-5).
5
Let v be 1/(-1 + (-12)/(-14)). Let c(y) = -4*y - 10. What is the remainder when 170/(-68) - ((-73)/2 + 1) is divided by c(v)?
15
Suppose -4*k = -j - 6 - 5, 5*j + 139 = -k. Let m = j - -67. Let t = 37 + -16. What is the remainder when m is divided by t?
19
Suppose 4*d = 2*z + 3*z - 61, 0 = -3*d - 12. What is the remainder when 12 is divided by -2*(-4 - z/(-6))?
2
Let y(t) = t - 2. Suppose -59 = -4*m + 37. Let g = -17 + m. What is the remainder when g is divided by y(6)?
3
Let o = -10 - -22. Let g(f) be the first derivative of -f**4/4 + 7*f - 3. Calculate the remainder when o is divided by g(0).
5
Suppose 0 = q + 4*q - 125. Let t(g) = g**3 - 28*g**2 + 2*g + 15. Calculate the remainder when t(28) is divided by q.
21
Let o be (0 - 40/(-4)) + 4. Suppose 9*p + 945 = o*p. Suppose -51 = -6*m + p. Calculate the remainder when m is divided by 21.
19
Let r(j) be the first derivative of 3*j**2 - 65*j - 55. What is the remainder when -2 + (-80)/(-1 + -1) is divided by r(13)?
12
Let u(z) = 7*z + 20. Let i be u(12). Let x = i + -57. Calculate the remainder when x is divided by (0 - 1)/(2/(-32)).
15
Let u(d) = d**2 + 5*d + 4. Let s be u(-5). Suppose 0 = -3*p - 12, -2*p = s*w + w - 27. Calculate the remainder when w is divided by 4.
3
Let b = 30 - -96. Suppose j - 4*k - 14 = 0, -3*j + 3*k + 0*k + 87 = 0. Calculate the remainder when b is divided by j.
24
What is the remainder when 8/((-60)/(-210) - (-8)/(-42)) is divided by 29?
26
What is the remainder when 0/(-1) + 109 - (18 + -16) is divided by 33?
8
Let w = 98 + -64. What is the remainder when w is divided by 816/81 - 6/81?
4
Let z(a) = -4*a - 5. Suppose 0 = 5*m + 4*i + 7, 3 = -5*m - 2*i - 8. Let y be z(m). Suppose -y*d - 22 = -8*d. Calculate the remainder when 41 is divided by d.
19
Let f = 123 + -59. Calculate the remainder when f is divided by (-5 - (2 + -10)) + 2.
4
Let g(c) = 9*c - 80. Calculate the remainder when 76 is divided by g(11).
0
Suppose 0 = -2*s + 3*l - l - 14, -3*s - 5*l - 13 = 0. Let b = 66 + s. What is the remainder when b is divided by 32?
28
What is the remainder when 2/34*2 + 596574/2227 is divided by 18?
16
Suppose -2*i = -7*i + 115. Let j = 1 + i. Calculate the remainder when 68 is divided by j.
20
Let f = 22 - 4. Let n(d) = -12*d - 98. What is the remainder when n(-11) is divided by f?
16
Let r(k) = 3*k**2 - 2*k - 1. Let t be 1*(3 - 4) - -4. Suppose 0 = b, t*d - 64 - 23 = -4*b. What is the remainder when d is divided by r(-2)?
14
Let g(j) = -j**2 - 34*j - 23. Calculate the remainder when 243 is divided by g(-32).
38
Let q(h) = -20*h - 34. Calculate the remainder when q(-10) is divided by 42.
40
Suppose 20*m = 15*m - 2*f + 213, 193 = 5*m - 3*f. Calculate the remainder when m is divided by 15.
11
Suppose -l = 8*c + 3*l - 44, 0 = -4*c - l + 27. Let k = 68 + -39. What is the remainder when k is divided by c?
5
Let c(o) = -5*o**2 - 11 - o - 5*o + 6*o**2. Let p be c(8). Let l = 8 + p. What is the remainder when 37 is divided by l?
11
Suppose 4*m - 420 = -4*r, 0 = 3*m + r + 3*r - 318. Calculate the remainder when m is divided by 29.
15
Let n(w) = 2*w - 6. Let h be n(5). Suppose -5*p - 172 = -h*z, -5*z + 2*p + 90 = -108. Calculate the remainder when 188 is divided by z.
36
Suppose -3*c + 5*n = -61, -26 = -c - 183*n + 179*n. What is the remainder when 40 is divided by c?
18
Suppose -4*i = -i - 21. What is the remainder when 8 is divided by i - (-4)/(3/(-3))?
2
Suppose 10*y + 3*y - 104 = 0. Let i(a) = a**2 + 2*a - 1. Calculate 